 common factor of 495008 and 36832.
32
Calculate the highest common factor of 14 and 18569978.
14
Calculate the greatest common divisor of 324 and 27373428.
36
Calculate the greatest common factor of 798988 and 35036.
76
What is the greatest common factor of 7339655 and 2410?
1205
What is the greatest common factor of 2471650 and 175?
25
What is the highest common factor of 294248997 and 126?
63
Calculate the greatest common divisor of 2178780 and 119580.
60
What is the greatest common divisor of 331163 and 2534?
7
What is the greatest common divisor of 63 and 149374971?
9
Calculate the greatest common divisor of 2876676 and 113487.
627
What is the greatest common divisor of 3268863 and 3484?
871
Calculate the highest common divisor of 121 and 358306289.
121
Calculate the highest common divisor of 16877544 and 32.
8
Calculate the greatest common factor of 60138 and 1417662.
18
Calculate the highest common divisor of 17304 and 114478320.
2472
Calculate the highest common factor of 8 and 630659.
1
Calculate the greatest common factor of 2937 and 402842836.
979
Calculate the highest common factor of 1091175 and 7450.
25
What is the highest common divisor of 1894722 and 66336?
4146
What is the greatest common divisor of 137694 and 32024247?
1299
Calculate the highest common factor of 638192 and 152.
8
What is the highest common factor of 81048 and 35672?
8
Calculate the greatest common divisor of 14593275 and 278475.
5925
Calculate the highest common factor of 171 and 6996085.
19
Calculate the greatest common divisor of 8727246 and 55.
11
Calculate the greatest common divisor of 76619214 and 14.
14
What is the greatest common divisor of 61357484 and 656?
164
Calculate the highest common divisor of 65 and 7136389.
13
Calculate the greatest common divisor of 212 and 18632786.
106
What is the highest common divisor of 28237 and 277321?
187
What is the highest common divisor of 6 and 3758112?
6
What is the highest common factor of 1193948 and 10696?
28
Calculate the highest common factor of 11 and 6793171.
11
Calculate the highest common divisor of 315000645 and 183.
183
What is the highest common divisor of 711 and 10290393?
9
Calculate the greatest common divisor of 688900 and 4750.
50
Calculate the highest common factor of 12338186 and 248.
62
What is the highest common divisor of 12378240 and 128?
128
Calculate the greatest common factor of 110 and 53389314.
22
Calculate the greatest common factor of 603803800 and 40.
40
What is the highest common factor of 9864128 and 128?
64
What is the greatest common divisor of 27664 and 264376?
56
Calculate the highest common divisor of 93 and 2442893.
31
What is the greatest common divisor of 54460218 and 5136?
642
What is the highest common factor of 62715822 and 14586?
1326
What is the highest common divisor of 13 and 131824160?
13
What is the highest common divisor of 189 and 1480801?
7
Calculate the highest common factor of 1097792 and 3298.
34
Calculate the greatest common factor of 23 and 10384914.
23
Calculate the highest common divisor of 1213815477 and 1834.
917
What is the highest common factor of 24395867 and 799?
799
What is the greatest common factor of 7163224 and 175234?
4274
Calculate the highest common factor of 3906 and 33194.
14
Calculate the greatest common divisor of 615952 and 104813.
281
Calculate the highest common divisor of 85 and 736205.
5
What is the highest common divisor of 56648 and 1251688?
776
Calculate the greatest common factor of 203 and 85337329.
7
What is the highest common divisor of 1150 and 27199850?
50
Calculate the highest common divisor of 94998728 and 88.
88
What is the greatest common factor of 52 and 36640981?
13
Calculate the highest common divisor of 21 and 9651273.
3
Calculate the highest common divisor of 18747094 and 734.
734
Calculate the highest common factor of 38323 and 36328.
19
What is the greatest common divisor of 175768 and 1139032?
1384
What is the highest common factor of 348 and 1978608?
12
What is the greatest common divisor of 192 and 12112384?
64
Calculate the highest common divisor of 3775156 and 578.
34
What is the highest common factor of 3435172 and 11183488?
8524
Calculate the highest common factor of 69401358 and 1014.
78
Calculate the highest common divisor of 20432 and 31744.
16
Calculate the greatest common divisor of 283 and 434426225.
283
What is the greatest common divisor of 42 and 9118389?
21
Calculate the highest common factor of 57948 and 43692.
132
What is the greatest common factor of 75976740 and 1428?
1428
Calculate the highest common divisor of 5328 and 202612.
148
What is the highest common factor of 87609 and 1254?
57
Calculate the highest common divisor of 252 and 228144966.
42
What is the greatest common factor of 53010 and 1374270?
570
What is the highest common divisor of 414605 and 4121305?
505
Calculate the highest common divisor of 1650226 and 38.
38
Calculate the greatest common factor of 374667437 and 51.
17
What is the greatest common factor of 21615768 and 24624?
4104
Calculate the greatest common divisor of 14475 and 85499.
193
What is the greatest common factor of 129774 and 492522?
258
What is the highest common divisor of 27654770 and 1105?
65
Calculate the greatest common factor of 12065650 and 25.
25
What is the greatest common divisor of 10849 and 222036776?
571
Calculate the greatest common factor of 42 and 5555613.
21
Calculate the highest common factor of 17293921 and 548.
137
Calculate the greatest common factor of 221680970 and 5.
5
Calculate the highest common factor of 106375 and 1932325.
925
Calculate the greatest common divisor of 61744296 and 24.
24
What is the greatest common factor of 1198476 and 5754?
822
Calculate the highest common factor of 1896 and 50718.
474
Calculate the greatest common divisor of 22359 and 321813.
87
What is the greatest common divisor of 83708776 and 5339?
281
Calculate the greatest common divisor of 152958 and 5381514.
318
Calculate the greatest common factor of 216 and 2280024.
72
Calculate the greatest common factor of 12 and 790884084.
12
Calculate the greatest common factor of 57352840 and 120.
40
Calculate the highest common factor of 16601567 and 197848.
3533
What is the greatest common factor of 71761283 and 43604?
10901
What is the highest common divisor of 45 and 89362260?
45
What is the greatest common factor of 4340 and 144235?
35
What is the highest common factor of 451976 and 392?
392
What is the greatest common divisor of 2496262 and 3088?
386
What is the greatest common divisor of 1156961 and 32539?
13
What is the highest common divisor of 7952779 and 3703?
23
Calculate the greatest common divisor of 470 and 219565435.
235
What is the greatest common divisor of 78 and 173235114?
78
Calculate the greatest common factor of 19201820 and 3872.
44
Calculate the greatest common factor of 40318 and 29682536.
2122
Calculate the highest common factor of 147 and 6692511.
21
Calculate the greatest common divisor of 14333926 and 4.
2
What is the greatest common divisor of 10 and 42122998?
2
What is the greatest common factor of 6719626 and 7792?
974
Calculate the greatest common divisor of 100 and 24555020.
20
Calculate the highest common factor of 16165 and 9967339.
3233
Calculate the highest common divisor of 12175246 and 679.
97
What is the greatest common factor of 212150 and 1675?
25
What is the greatest common factor of 20650396 and 325?
13
What is the greatest common divisor of 30 and 82249302?
6
Calculate the greatest common factor of 144 and 15853032.
72
What is the highest common divisor of 1392 and 42138102?
174
Calculate the greatest common divisor of 2605670 and 10810.
230
Calculate the highest common factor of 1420 and 2691965.
355
Calculate the greatest common factor of 3400 and 1443280.
40
What is the highest common divisor of 1820 and 61313070?
910
What is the highest common divisor of 11669822 and 92258?
326
Calculate the highest common divisor of 7333172632 and 136.
136
What is the greatest common factor of 13718906 and 21920?
274
What is the greatest common divisor of 20987112 and 120?
24
What is the highest common factor of 165 and 5560440?
15
What is the greatest common factor of 6292 and 47195324?
484
Calculate the highest common fac